{"id":61,"date":"2020-08-13T23:43:02","date_gmt":"2020-08-13T23:43:02","guid":{"rendered":"https:\/\/siticol.com\/unimos\/?page_id=61"},"modified":"2020-11-12T19:43:41","modified_gmt":"2020-11-12T19:43:41","slug":"test-de-velocidad-internet","status":"publish","type":"page","link":"https:\/\/siticol.com\/unimos\/test-de-velocidad-internet\/","title":{"rendered":"Test de Velocidad Internet"},"content":{"rendered":"<p>[et_pb_section fb_built=\u00bb1&#8243; admin_label=\u00bbsection\u00bb _builder_version=\u00bb4.6.6&#8243; hover_enabled=\u00bb0&#8243; title_text=\u00bbWhatsApp Image 2020-11-12 at 2.37.22 PM\u00bb background_image=\u00bbhttps:\/\/siticol.com\/unimos\/wp-content\/uploads\/2020\/11\/WhatsApp-Image-2020-11-12-at-2.37.22-PM.jpeg\u00bb sticky_enabled=\u00bb0&#8243;][et_pb_row admin_label=\u00bbrow\u00bb _builder_version=\u00bb4.6.6&#8243; background_size=\u00bbinitial\u00bb background_position=\u00bbtop_left\u00bb background_repeat=\u00bbrepeat\u00bb][et_pb_column type=\u00bb4_4&#8243; _builder_version=\u00bb3.25&#8243; custom_padding=\u00bb|||\u00bb custom_padding__hover=\u00bb|||\u00bb][et_pb_text admin_label=\u00bbText\u00bb _builder_version=\u00bb4.6.6&#8243; background_size=\u00bbinitial\u00bb background_position=\u00bbtop_left\u00bb background_repeat=\u00bbrepeat\u00bb hover_enabled=\u00bb0&#8243; text_font=\u00bbOpen Sans|700|||||||\u00bb text_text_color=\u00bb#FFFFFF\u00bb sticky_enabled=\u00bb0&#8243;]<\/p>\n<p><!-- divi:paragraph --><\/p>\n<p>Comprueba la velocidad de tu conexi\u00f3n a internet. Haz un test de velocidad de tu ADSL y Fibra \u00f3ptica r\u00e1pido y f\u00e1cil.<\/p>\n<p><!-- \/divi:paragraph --><\/p>\n<p><!-- divi:paragraph --><\/p>\n<p>Verificar que tu equipo este conectado a la red cableada o inal\u00e1mbrica antes de proceder con el Test.<\/p>\n<p><!-- \/divi:paragraph --><\/p>\n<p><!-- divi:paragraph --><\/p>\n<p>Velocidad de Bajada<br \/> Prueba de Bajada te dice lo r\u00e1pido que puedes descargar datos (archivos, pel\u00edculas, m\u00fasica) a trav\u00e9s de Internet. El resultado se muestra en Mbps (megabits por segundo).<\/p>\n<p>Velocidad de Subida<br \/> Prueba de Subida te dice rapidez de tu conexi\u00f3n para enviar datos (archivos, pel\u00edculas, m\u00fasica) a Internet. El resultado se muestra en Mbps (megabits por segundo).<\/p>\n<p><!-- \/divi:paragraph --><\/p>\n<p><!-- divi:paragraph --><\/p>\n<p>Nota: Antes de realizar este Test preferiblemente se hace con solo un equipo conectado a la red.<\/p>\n<p><!-- \/divi:paragraph --><\/p>\n<p><!-- divi:paragraph --><\/p>\n<p><a href=\"http:\/\/unimos.speedtestcustom.com\/\"><strong>Test de velocidad UNIMOS<\/strong><\/a><\/p>\n<p><!-- \/divi:paragraph --><\/p>\n<p><!-- divi:paragraph --><\/p>\n<p><a href=\"http:\/\/www.speedtest.net\/es\"><strong>Test de velocidad speedtest<\/strong><\/a><\/p>\n<p><!-- \/divi:paragraph --><\/p>\n<p>[\/et_pb_text][\/et_pb_column][\/et_pb_row][\/et_pb_section]<\/p>\n","protected":false},"excerpt":{"rendered":"<p>[et_pb_section fb_built=\u00bb1&#8243; admin_label=\u00bbsection\u00bb _builder_version=\u00bb4.6.6&#8243; hover_enabled=\u00bb0&#8243; title_text=\u00bbWhatsApp Image 2020-11-12 at 2.37.22 PM\u00bb background_image=\u00bbhttps:\/\/siticol.com\/unimos\/wp-content\/uploads\/2020\/11\/WhatsApp-Image-2020-11-12-at-2.37.22-PM.jpeg\u00bb sticky_enabled=\u00bb0&#8243;][et_pb_row admin_label=\u00bbrow\u00bb _builder_version=\u00bb4.6.6&#8243; background_size=\u00bbinitial\u00bb background_position=\u00bbtop_left\u00bb background_repeat=\u00bbrepeat\u00bb][et_pb_column type=\u00bb4_4&#8243; _builder_version=\u00bb3.25&#8243; custom_padding=\u00bb|||\u00bb custom_padding__hover=\u00bb|||\u00bb][et_pb_text admin_label=\u00bbText\u00bb _builder_version=\u00bb4.6.6&#8243; background_size=\u00bbinitial\u00bb background_position=\u00bbtop_left\u00bb background_repeat=\u00bbrepeat\u00bb hover_enabled=\u00bb0&#8243; text_font=\u00bbOpen Sans|700|||||||\u00bb text_text_color=\u00bb#FFFFFF\u00bb sticky_enabled=\u00bb0&#8243;] Comprueba la velocidad de tu conexi\u00f3n a internet. Haz un test de velocidad de tu ADSL y Fibra \u00f3ptica r\u00e1pido y f\u00e1cil. Verificar [&hellip;]<\/p>\n","protected":false},"author":1,"featured_media":0,"parent":0,"menu_order":0,"comment_status":"closed","ping_status":"closed","template":"template-gutentor-full-width.php","meta":{"_et_pb_use_builder":"on","_et_pb_old_content":"<!-- wp:paragraph -->\n<p>Comprueba la velocidad de tu conexi\u00f3n a internet. Haz un test de velocidad de tu ADSL y Fibra \u00f3ptica r\u00e1pido y f\u00e1cil.<\/p>\n<!-- \/wp:paragraph -->\n\n<!-- wp:paragraph -->\n<p>Verificar que tu equipo este conectado a la red cableada o inal\u00e1mbrica antes de proceder con el Test.<\/p>\n<!-- \/wp:paragraph -->\n\n<!-- wp:paragraph -->\n<p>Velocidad de Bajada<br>Prueba de Bajada te dice lo r\u00e1pido que puedes descargar datos (archivos, pel\u00edculas, m\u00fasica) a trav\u00e9s de Internet. El resultado se muestra en Mbps (megabits por segundo).<br><br>Velocidad de Subida<br>Prueba de Subida te dice rapidez de tu conexi\u00f3n para enviar datos (archivos, pel\u00edculas, m\u00fasica) a Internet. El resultado se muestra en Mbps (megabits por segundo).<\/p>\n<!-- \/wp:paragraph -->\n\n<!-- wp:paragraph -->\n<p>Nota: Antes de realizar este Test preferiblemente se hace con solo un equipo conectado a la red.<\/p>\n<!-- \/wp:paragraph -->\n\n<!-- wp:paragraph -->\n<p><a href=\"http:\/\/unimos.speedtestcustom.com\/\"><strong>Test de velocidad UNIMOS<\/strong><\/a><\/p>\n<!-- \/wp:paragraph -->\n\n<!-- wp:paragraph -->\n<p><a href=\"http:\/\/www.speedtest.net\/es\"><strong>Test de velocidad speedtest<\/strong><\/a><\/p>\n<!-- \/wp:paragraph -->","_et_gb_content_width":"","om_disable_all_campaigns":false,"_monsterinsights_skip_tracking":false,"_monsterinsights_sitenote_active":false,"_monsterinsights_sitenote_note":"","_monsterinsights_sitenote_category":0,"footnotes":""},"class_list":["post-61","page","type-page","status-publish","hentry"],"jetpack_sharing_enabled":true,"_links":{"self":[{"href":"https:\/\/siticol.com\/unimos\/wp-json\/wp\/v2\/pages\/61","targetHints":{"allow":["GET"]}}],"collection":[{"href":"https:\/\/siticol.com\/unimos\/wp-json\/wp\/v2\/pages"}],"about":[{"href":"https:\/\/siticol.com\/unimos\/wp-json\/wp\/v2\/types\/page"}],"author":[{"embeddable":true,"href":"https:\/\/siticol.com\/unimos\/wp-json\/wp\/v2\/users\/1"}],"replies":[{"embeddable":true,"href":"https:\/\/siticol.com\/unimos\/wp-json\/wp\/v2\/comments?post=61"}],"version-history":[{"count":4,"href":"https:\/\/siticol.com\/unimos\/wp-json\/wp\/v2\/pages\/61\/revisions"}],"predecessor-version":[{"id":590,"href":"https:\/\/siticol.com\/unimos\/wp-json\/wp\/v2\/pages\/61\/revisions\/590"}],"wp:attachment":[{"href":"https:\/\/siticol.com\/unimos\/wp-json\/wp\/v2\/media?parent=61"}],"curies":[{"name":"wp","href":"https:\/\/api.w.org\/{rel}","templated":true}]}}